-423
What is -20356 (base 10) in base 9?
-30827
104414 (base 7) to base 5
1042021
10b (base 16) to base 9
326
-16a (base 14) to base 11
-244
Convert 2214 (base 5) to base 11.
261
What is -523 (base 7) in base 16?
-106
11200211 (base 3) to base 12
1b94
What is -291 (base 13) in base 15?
-206
-101011011111110 (base 2) to base 5
-1203040
Convert 70d6 (base 15) to base 5.
1230301
What is -111202 (base 5) in base 3?
-12101110
Convert 22130132 (base 4) to base 10.
42782
What is -1036 (base 7) in base 6?
-1414
What is 20255 (base 6) in base 8?
5213
Convert -30121 (base 5) to base 9.
-2553
Convert -1bc (base 14) to base 6.
-1402
Convert -115503 (base 6) to base 12.
-5b93
What is 17a76 (base 11) in base 12?
12743
What is 12222 (base 4) in base 8?
652
415 (base 13) to base 11
581
Convert 1012 (base 10) to base 15.
477
Convert -3001 (base 4) to base 12.
-141
What is 121122 (base 4) in base 16?
65a
Convert -23e (base 16) to base 4.
-20332
636 (base 8) to base 3
120100
What is 10f5 (base 16) in base 15?
1446
-e19 (base 16) to base 11
-2791
What is -437 (base 13) in base 5?
-10342
What is -61b (base 15) in base 10?
-1376
What is 3369 (base 12) in base 13?
2793
269 (base 10) to base 7
533
Convert 1584 (base 10) to base 8.
3060
80d (base 14) to base 11
1208
Convert -1b09 (base 14) to base 8.
-11455
28856 (base 10) to base 8
70270
-1893 (base 10) to base 16
-765
What is 4a29 (base 14) in base 7?
52552
Convert -2211110110 (base 3) to base 12.
-28310
Convert 115430 (base 6) to base 10.
10314
What is -45505 (base 6) in base 7?
-24542
Convert -101010111001 (base 2) to base 11.
-2076
What is -111100110011111 (base 2) in base 12?
-16027
Convert -277 (base 8) to base 7.
-362
What is -212202 (base 3) in base 13?
-3a4
What is 1144014 (base 5) in base 16?
54ff
What is -8118 (base 9) in base 8?
-13452
What is 2124a (base 11) in base 16?
78bd
-36261 (base 10) to base 6
-435513
What is -2424 (base 8) in base 16?
-514
101202 (base 3) to base 15
145
What is 100110010001 (base 2) in base 13?
1165
What is 2e4 (base 16) in base 4?
23210
What is 378 (base 13) in base 12?
426
704 (base 8) to base 11
381
Convert -2178 (base 9) to base 3.
-2012122
Convert 31e (base 15) to base 9.
862
Convert 2ac (base 15) to base 12.
430
Convert 265 (base 7) to base 10.
145
2657 (base 12) to base 13
1cc6
What is -11232 (base 4) in base 3?
-111120
What is 78 (base 14) in base 9?
127
What is -3424 (base 6) in base 5?
-11213
Convert -3b3 (base 14) to base 11.
-618
Convert -1e40 (base 15) to base 10.
-6585
Convert 11200133 (base 4) to base 7.
122525
What is -11210021 (base 3) in base 4?
-312202
What is -401 (base 9) in base 11?
-276
-17843 (base 13) to base 14
-12751
Convert -327b8 (base 12) to base 13.
-24545
What is 1032213 (base 4) in base 14?
1b95
-8c0 (base 14) to base 13
-a37
What is -4546 (base 7) in base 2?
-11001110011
4016 (base 12) to base 6
52030
-2779 (base 14) to base 10
-6967
-202241 (base 5) to base 12
-3977
Convert -1ccc9 (base 14) to base 5.
-4330443
What is 424252 (base 6) in base 10?
34664
Convert 427 (base 14) to base 3.
1010100
139b9 (base 13) to base 15
ada0
What is 4642 (base 7) in base 11?
1302
34a2 (base 14) to base 9
13505
-1001111011000010 (base 2) to base 9
-61667
What is -1110011111111 (base 2) in base 13?
-34c0
Convert -20011301 (base 4) to base 6.
-413225
Convert 21721 (base 12) to base 15.
d18d
e0e0 (base 16) to base 8
160340
What is -53aa (base 11) in base 15?
-21ad
What is -9459 (base 10) in base 15?
-2c09
Convert -34730 (base 8) to base 14.
-557a
22313 (base 5) to base 15
708
What is -374 (base 10) in base 12?
-272
What is -88 (base 9) in base 4?
-1100
Convert -11012 (base 4) to base 7.
-644
Convert 111 (base 14) to base 7.
421
What is 9ed (base 15) in base 12?
1374
What is 1327 (base 13) in base 3?
10202101
What is -c50 (base 14) in base 6?
-15114
1555 (base 6) to base 4
12233
What is 221221121 (base 3) in base 2?
100100111100100
-4da (base 16) to base 7
-3423
Convert -c (base 13) to base 2.
-1100
-62746 (base 10) to base 5
-4001441
35d4 (base 14) to base 6
111302
Convert -cd (base 14) to base 6.
-501
What is 2351 (base 9) in base 8?
3323
What is 4574 (base 10) in base 14?
194a
Convert 1000121210 (base 3) to base 8.
47250
f6e (base 16) to base 14
1622
6b (base 13) to base 11
81
What is 1323 (base 5) in base 2?
11010101
575e (base 16) to base 10
22366
-1002110002 (base 3) to base 15
-6562
42 (base 8) to base 7
46
What is -7cd (base 16) in base 2?
-11111001101
Convert 8574 (base 14) to base 4.
11213322
Convert 1c24 (base 13) to base 15.
13da
836 (base 11) to base 6
4355
Convert 345531 (base 6) to base 14.
abdd
What is 2111220102 (base 3) in base 15?
ea02
What is -673 (base 9) in base 15?
-26c
Convert 10110011 (base 2) to base 11.
153
What is 5009 (base 10) in base 4?
1032101
Convert 20201 (base 6) to base 13.
12a0
What is 13475 (base 8) in base 11?
4519
-13106 (base 8) to base 2
-1011001000110
4441 (base 14) to base 11
8973
Convert -3489 (base 10) to base 2.
-110110100001
-388 (base 12) to base 7
-1364
What is 758 (base 15) in base 3?
2021102
What is 109 (base 16) in base 7?
526
What is -175f (base 16) in base 5?
-142413
11110010110 (base 2) to base 16
796
What is 400 (base 5) in base 3?
10201
Convert -19aa (base 13) to base 14.
-1598
What is 485 (base 13) in base 7?
2201
-211 (base 5) to base 12
-48
-13544 (base 6) to base 7
-6163
What is 10667 (base 9) in base 4?
1233010
-10112 (base 3) to base 9
-115
What is -303 (base 7) in base 9?
-176
What is -23862 (base 9) in base 7?
-64454
Convert -345 (base 8) to base 9.
-274
3217 (base 13) to base 4
1230211
-2305 (base 6) to base 7
-1406
What is -12e0 (base 15) in base 10?
-4035
1781 (base 11) to base 16
8db
-a048 (base 14) to base 12
-13b00
What is -110001111001 (base 2) in base 6?
-22441
What is 1333310 (base 4) in base 8?
17764
101011001010 (base 2) to base 15
c42
What is -29a2 (base 11) in base 12?
-229b
Convert 34513 (base 8) to base 12.
85a3
-21764 (base 8) to base 13
-4260
Convert -68a (base 14) to base 15.
-5b8
183 (base 13) to base 3
101020
Convert 33a3 (base 11) to base 4.
1011311
Convert -240142 (base 5) to base 15.
-2917
What is -1645 (base 10) in base 9?
-2227
37bc (base 14) to base 9
14355
Convert 2ab6 (base 15) to base 8.
21723
What is -1232401 (base 5) in base 11?
-17120
-252 (base 8) to base 5
-1140
2a9 (base 13) to base 10
477
What is -100101101100 (base 2) in base 9?
-3270
-104 (base 8) to base 15
-48
What is b3 (base 12) in base 9?
160
What is -100011000001 (base 2) in base 15?
-9e6
Convert 120110220 (base 3) to base 14.
417d
1699 (base 10) to base 14
895
Convert 2113 (base 8) to base 12.
777
Convert 0 (base 14) to base 6.
0
What is 11010110110 (base 2) in base 14?
8aa
Convert 25290 (base 10) to base 15.
7760
Convert 121430 (base 5) to base 16.
1207
What is 202122111 (base 3) in base 12?
8864
Convert 2313 (base 5) to base 7.
654
What is -149 (base 16) in base 2?
-101001001
-30458 (base 9) to base 11
-14087
What is -8484 (base 10) in base 14?
-3140
What is 1511 (base 12) in base 2?
100110011101
What is 7ca (base 14) in base 9?
2112
What is -452 (base 7) in base 16?
-e9
-8351 (base 12) to base 16
-37ed
What is -b0b (base 14) in base 2?
-100001110111
What is 11e (base 16) in base 2?
100011110
-3121103 (base 4) to base 13
-643a
1023403 (base 5) to base 13
7b8b
What is 321204 (base 7) in base 6?
1105420
What is 30206 (base 8) in base 6?
133302
What is 2685 (base 11) in base 5?
102411
What is 2728 (base 10) in base 6?
20344
-525 (base 9) to base 8
-654
Convert 367 (base 13) to base 7.
1504
What is -6a30 (base 11) in base 7?
-35623
-1011 (base 5) to base 3
-11212
Convert -4121 (base 5) to base 8.
-1030
b2de (base 15) to base 3
1220211102
10010122 (base 3) to base 4
203231
Convert 3534 (base 6) to base 2.
1101010010
What is -581 (base 9) in base 12?
-33a
Convert 2145 (base 6) to base 5.
3442
Convert -9026 (base 10) to base 11.
-6866
What is 104413 (base 5) in base 15?
118d
Convert 310101 (base 4) to base 16.
d11
-2222110012 (base 3) to base 6
-1131305
-590 (base 15) to base 7
-3450
Convert 2846 (base 10) to base 13.
13ac
What is 9b94 (base 15) in base 11?
22870
2523 (base 7) to base 13
57c
Convert 1100132 (base 4) to base 8.
12036
Convert 420a (base 12) to base 16.
1c2a
3303 (base 4) to base 9
300
-40105 (b